 r.
2, 3, 5
Let v be ((-8)/6)/(7/(-21)). Suppose -c - i = 0, 5*c + 2*i - v = -i. Suppose -p = -c - 0. What are the prime factors of p?
2
Suppose h - 5*h = -12. Let s be (h/(-2))/(2/(-24)). Suppose -q + 5*p + 18 = -0*q, -q + s = -3*p. What are the prime factors of q?
2, 3
Let i(q) = 12*q - 29*q**2 + 30*q**2 + 9 + q. List the prime factors of i(-14).
23
Let k(o) = -9*o + 1. Let m be k(10). Let g = m + 229. Suppose -5*d - g = -0*y - 5*y, -5*y - d = -116. List the prime factors of y.
2, 3
Let h be ((-2)/(-3))/(3/36). Suppose 4*p = -5 + 1, -3*z + p - 20 = 0. Let n = h - z. List the prime factors of n.
3, 5
Suppose 2*q - j = 14, -5*q = j + 3*j - 48. Let p(c) = -q - 5*c**3 - 12 + 21. What are the prime factors of p(-2)?
41
Let n(i) = 2698*i - 108. List the prime factors of n(1).
2, 5, 7, 37
Suppose -2*m - 2*f + 1025 = -7*f, 0 = -3*f - 3. Suppose -2*q - 4*q = -m. What are the prime factors of q?
5, 17
Let k = 4 + 0. Suppose -4*n + k*w + 532 = 0, 0 = 3*n - 0*w + 3*w - 423. What are the prime factors of n?
137
Let k(u) = 38*u**3 + 2*u**2 - 4*u + 5. Let q be k(2). Suppose -q = -8*x + 179. What are the prime factors of x?
61
Let t be (-30)/(-4)*(2 - 0). Suppose 2*z = 2*y - 5*y - 6, -z = -3*y - t. What are the prime factors of (-10)/z*12/(-10)?
2
Let h(u) = -4*u**2 - 3*u - 5. Let a be h(-4). Let i = 6 + -4. List the prime factors of a/18*-3*i.
19
Let p(v) = 18*v**2 + 41*v - 2. List the prime factors of p(-12).
2, 1049
Suppose 5884 = 52*c - 8884. What are the prime factors of c?
2, 71
Let b(k) = -k**2 + 51*k + 11. What are the prime factors of b(37)?
23
Let y be 8/(-36) + 411/27. What are the prime factors of 19 + -2 + y/3?
2, 11
Suppose 679 + 325 = 2*v. List the prime factors of v.
2, 251
Suppose -3*o - 2*g + 3*g + 16 = 0, 5*g + 8 = -3*o. Suppose p - o*d - 476 = -p, 5*p - 1174 = 2*d. List the prime factors of p.
2, 3, 13
Let d be -4*2/(-2) + 34. Suppose 3*n + n - 29 = 3*u, -2*u - d = -5*n. What are the prime factors of (-151)/(-9) - n/(-36)?
17
Suppose -5*d - 3*g + 1032 = 0, -2*d - 5*g = -4*d + 388. Let o = d - 94. What are the prime factors of o?
2, 5, 11
Let n = 5 + -1. Suppose 10 = -n*a - 2. List the prime factors of (13/a)/(4/(-24)).
2, 13
Suppose 4*m + 26 = 5*p, -5*p - 3*m - 8 = -3*p. Suppose -3*a + 440 = 5*x + a, -p*x = 5*a - 193. Suppose 0 = 4*y - 0*y - x. What are the prime factors of y?
3, 7
Suppose v - 115 = -0*v. Suppose 4*z = 3*m - 370, 3*z + v = m - 0*m. List the prime factors of m.
2, 5, 13
Let t(o) = -o**3 - o. Let f(r) be the first derivative of -15*r**4/4 + 4*r**3/3 - 4*r**2 - r - 7. Let v(j) = -f(j) + 6*t(j). List the prime factors of v(2).
61
Suppose -12 = 5*i - i. Let w be 0 + 3 + (-30)/i. Suppose g + 4*c - 22 = 0, -3*g + 2*c = w - 79. List the prime factors of g.
2, 11
Let c(z) = 11*z**3 + 3*z**2 + 3*z - 7. Let r be c(3). Let k = r + -159. What are the prime factors of k?
167
Let s(g) = 21*g + 103. What are the prime factors of s(6)?
229
Let m(k) = -24 + 3*k - k + 4*k + 27. Suppose -5*t + 25 = 3*b + 2*b, t + 1 = 2*b. What are the prime factors of m(b)?
3, 5
Let a be (24/(-9) + 2)*27. Let d = 21 + a. Let o(b) = 4*b**2 - 3*b - 3. List the prime factors of o(d).
2, 3
Suppose 2*x + 0*x + 4*m - 22 = 0, -5*m = -4*x + 5. Suppose q + 2*q + 19 = u, -159 = -x*u - q. List the prime factors of u.
31
Let o(w) = -w**3 + 8*w**2 + 15*w - 12. Let q be o(6). Let b = 467 - q. List the prime factors of b.
317
Let w(i) = 71*i**2 - 6*i + 13. What are the prime factors of w(-5)?
2, 3, 101
What are the prime factors of (-2523)/((-6)/(-4) - (16 - 13))?
2, 29
Let q = -8 + 17. Let n(g) = -g**3 + 8*g**2 + 9*g + 8. List the prime factors of n(q).
2
Let i(r) be the first derivative of 4*r**3/3 + r**2/2 - 12*r - 1. Let c = 67 + -71. What are the prime factors of i(c)?
2, 3
Let d be (33/(-6) + 4)*2. What are the prime factors of 9/((-54)/128)*d?
2
Let l(q) = q**3 + 5*q**2 + 3. Let o be l(-5). Suppose 0*j = -o*j. Suppose -2*d - v = v - 38, j = d - 3*v - 23. List the prime factors of d.
2, 5
Suppose -5*m + 96 = m. Let a = m + 41. What are the prime factors of a?
3, 19
Let u be (1946/4)/(-7)*-18. Suppose 9*t = 54 + u. What are the prime factors of t?
5, 29
Let w(y) be the second derivative of -4*y**3/3 + y. Let u be w(4). List the prime factors of u/(-2) + (-7 - -4).
13
Suppose -85 = 3*v + 164. Let i = v + 158. List the prime factors of i.
3, 5
Let n = -15 + 18. List the prime factors of n - ((-1 - 1) + -9).
2, 7
Suppose 0 = -18*y + 762 + 4800. List the prime factors of y.
3, 103
Let d = 116 + -65. Suppose 0 = f + 2*f + d. Let r = f + 37. List the prime factors of r.
2, 5
Let t be ((-15)/2)/(1/(-2)). What are the prime factors of (-4)/(-20) + 57/t?
2
Let s = -9223 - -13558. What are the prime factors of 2/(-18) - s/(-135)?
2
Suppose 0 = -6*t - 1908 + 8022. Suppose t + 1564 = 9*w. What are the prime factors of w?
7, 41
Let z = -310 + 492. Suppose o - 3*o + 346 = 2*m, o - 2*m - z = 0. List the prime factors of o.
2, 11
What are the prime factors of (10*(-1)/(-2))/(2/130)?
5, 13
Let p(h) = 23*h + 37. Let w be p(-9). Let x = -64 - w. What are the prime factors of x?
2, 53
Suppose h = 1356 - 457. What are the prime factors of h?
29, 31
Let s = 223 - 29. List the prime factors of s.
2, 97
Suppose -5*o = 10, -k = 4*k + o + 2. Suppose -p - 3*b = -47, -5*p + k*b + b = -251. List the prime factors of p.
2, 5
Suppose m - 3*p + 209 - 1341 = 0, -2*m + 2285 = p. What are the prime factors of m?
7, 163
Let d = 20 + -22. Let m be (-135)/(-30) + (-1)/d. Suppose -m*t - 5*p + 21 = -4, 4*t = 2*p + 38. What are the prime factors of t?
2
Suppose 2*g - 3*g + 13 = 0. Let t = g - 13. Suppose -l - f + 24 = t, -76 = -3*l + 5*f + 20. What are the prime factors of l?
3
Suppose -3*l - 4*z + 592 = 0, 2*l - 3*z + 2*z - 402 = 0. List the prime factors of l.
2, 5
Let l be (-3 + 1)/(5*5/1775). Let k = 245 + l. List the prime factors of k.
103
Suppose 3*k + 4*w = 78, -5*k - 26 = -6*k - 2*w. Let h(i) = 2*i**3 - 2*i**2 - 5*i + 2. Let x be h(3). Let t = k + x. What are the prime factors of t?
7
Suppose 2 = -2*x + 6. Suppose t + 5 = 0, t + 10 = -x*y + 35. What are the prime factors of y?
3, 5
Suppose h + 6*h - 490 = 0. Suppose -h = -w - 4*w. Suppose -w*p + 11*p + 120 = 0. List the prime factors of p.
2, 5
Suppose -32014 - 10466 = -45*g. What are the prime factors of g?
2, 59
Let y be -12 + (1 - (-2)/(-2)). Suppose 0 = 40*t + 945 + 2775. List the prime factors of t/(-15) - y/15.
7
Let l(j) = 120*j + 37. What are the prime factors of l(10)?
1237
Suppose 5*h + 4*k - 11742 = 0, 0*h + 2*h - 4707 = -5*k. What are the prime factors of h?
2, 3, 17, 23
Suppose -2 = -t - 4, -2*u + t = -4. Let v(r) = 2*r**3 + 5*r**2 + r - 2. Let l be v(-3). List the prime factors of u*(1 + -2 - l).
13
Let g be 2/(-14)*2 + (-264)/56. List the prime factors of 201 - (0 - (g - -5)).
3, 67
What are the prime factors of 712/89 - (-1184)/1?
2, 149
Suppose 8*g = -4902 + 39558. List the prime factors of g.
2, 3, 19
Suppose 2*l = 4 - 12. Let j = l + 36. What are the prime factors of j?
2
Suppose 5*j + 484 = -q - 2*q, 5*j = -q - 478. Let n = -28 - j. What are the prime factors of n?
67
Let l(x) = x + 3. Let r be l(-5). Suppose 5*b - b + 4*t = 124, 0 = -3*b - t + 93. What are the prime factors of (r/1 - -3)*b?
31
Let d(y) = y**3 - 8*y**2 + 5*y + 8. Let k be d(5). Let b = 11 - k. List the prime factors of b.
53
Let h(w) = 44*w + 430. What are the prime factors of h(46)?
2, 3, 409
Let c = -1586 + 2428. What are the prime factors of c?
2, 421
List the prime factors of (261/6)/((-21)/(-126)).
3, 29
Let b(j) = 6*j - 4. Let y(s) = -s**3 - 15*s**2 - 14*s + 8. Let v be y(-14). List the prime factors of b(v).
2, 11
Suppose -11*z + 7*z = -12. What are the prime factors of 18/10*(z - -2)?
3
Let f = -570 - -743. What are the prime factors of f?
173
Suppose -22*d = 8*d - 20700. What are the prime factors of d?
2, 3, 5, 23
Suppose 3*x = -2*c - 0*c + 23, 2*x = -2*c + 18. Suppose x*a = -12 + 352. What are the prime factors of a?
2, 17
Suppose 4*d - 2 = 2*w - 34, -5*w + 3*d = -101. Let p be ((-46)/184)/((-2)/32). Suppose -p*q + 5*h + w + 121 = 0, -h - 3 = 0. What are the prime factors of q?
2
What are the prime factors of (-7459)/(-5) + (-5)/225*-9?
2, 373
Let a be 2/(-12) + 860/(-24). Let c = a + 32. What are the prime factors of (11/c)/(12/(-96))?
2, 11
Let